 and 6795.
45
Calculate the greatest common factor of 448 and 640.
64
What is the highest common divisor of 1373 and 2?
1
What is the greatest common divisor of 12720 and 4?
4
What is the greatest common divisor of 126 and 27?
9
Calculate the greatest common factor of 940 and 611.
47
Calculate the highest common divisor of 94 and 3854.
94
Calculate the greatest common divisor of 80 and 2360.
40
What is the greatest common divisor of 3464 and 8?
8
Calculate the greatest common factor of 302 and 2.
2
What is the greatest common divisor of 63 and 9?
9
What is the greatest common factor of 122 and 16531?
61
What is the highest common divisor of 14 and 2086?
14
Calculate the greatest common divisor of 75 and 55.
5
What is the greatest common factor of 890 and 200?
10
Calculate the greatest common factor of 476 and 2737.
119
Calculate the highest common divisor of 9 and 1.
1
Calculate the highest common factor of 23114 and 182.
182
Calculate the highest common divisor of 84 and 672.
84
What is the greatest common factor of 488 and 122?
122
Calculate the highest common factor of 167 and 3.
1
What is the greatest common factor of 385 and 22?
11
Calculate the greatest common factor of 3657 and 795.
159
Calculate the greatest common factor of 48 and 1392.
48
What is the greatest common factor of 260 and 1?
1
Calculate the greatest common divisor of 33 and 1023.
33
Calculate the highest common divisor of 32 and 608.
32
Calculate the highest common divisor of 115 and 115.
115
Calculate the highest common factor of 152 and 48.
8
Calculate the greatest common divisor of 1660 and 160.
20
Calculate the highest common divisor of 3197 and 23.
23
Calculate the greatest common factor of 19 and 19.
19
What is the greatest common factor of 1616 and 16?
16
What is the greatest common factor of 104 and 52?
52
What is the highest common divisor of 21373 and 11?
11
Calculate the greatest common factor of 324 and 81.
81
What is the greatest common factor of 14 and 266?
14
Calculate the greatest common factor of 1080 and 440.
40
What is the greatest common factor of 8 and 248?
8
What is the highest common divisor of 48 and 3048?
24
What is the highest common divisor of 155 and 24335?
155
Calculate the highest common factor of 52 and 962.
26
Calculate the greatest common factor of 483 and 3036.
69
Calculate the greatest common factor of 825 and 18425.
275
Calculate the highest common factor of 14 and 4844.
14
Calculate the greatest common divisor of 64 and 704.
64
What is the greatest common divisor of 1088 and 64?
64
What is the highest common factor of 34 and 35122?
34
Calculate the greatest common factor of 65 and 481.
13
What is the greatest common factor of 3510 and 1053?
351
What is the highest common divisor of 915 and 75?
15
Calculate the greatest common divisor of 772 and 200.
4
What is the highest common divisor of 11 and 3377?
11
Calculate the greatest common divisor of 12 and 103.
1
Calculate the greatest common divisor of 6288 and 48.
48
What is the highest common divisor of 2350 and 70?
10
Calculate the highest common factor of 378 and 672.
42
Calculate the highest common factor of 575 and 759.
23
What is the highest common divisor of 10 and 810?
10
Calculate the greatest common factor of 765 and 2465.
85
Calculate the greatest common factor of 1394 and 1066.
82
What is the greatest common factor of 110 and 550?
110
Calculate the greatest common factor of 75 and 150.
75
What is the highest common factor of 724 and 8?
4
Calculate the highest common factor of 9320 and 80.
40
Calculate the greatest common divisor of 102 and 272.
34
Calculate the greatest common factor of 75 and 100.
25
Calculate the greatest common factor of 248 and 16.
8
What is the highest common divisor of 240 and 272?
16
Calculate the highest common factor of 5707 and 104.
13
Calculate the highest common factor of 256 and 32.
32
Calculate the highest common divisor of 190 and 5282.
38
Calculate the greatest common divisor of 9159 and 258.
129
What is the highest common factor of 144 and 7632?
144
Calculate the greatest common factor of 2548 and 28.
28
What is the highest common factor of 147 and 196?
49
Calculate the highest common divisor of 33 and 572.
11
Calculate the highest common divisor of 10 and 135.
5
Calculate the highest common divisor of 245 and 145.
5
Calculate the greatest common divisor of 2037 and 21.
21
What is the highest common divisor of 1 and 1?
1
Calculate the greatest common factor of 2464 and 110.
22
What is the greatest common factor of 70 and 231?
7
What is the highest common factor of 55 and 11?
11
Calculate the highest common factor of 441 and 21.
21
Calculate the greatest common divisor of 208 and 32.
16
Calculate the highest common factor of 109 and 4687.
109
What is the highest common divisor of 486 and 144?
18
What is the greatest common factor of 12640 and 32?
32
Calculate the greatest common divisor of 436 and 4.
4
Calculate the greatest common divisor of 11 and 1331.
11
What is the greatest common factor of 26712 and 53?
53
What is the highest common factor of 6570 and 146?
146
Calculate the highest common factor of 38 and 1406.
38
What is the greatest common divisor of 42 and 210?
42
Calculate the highest common divisor of 152 and 16.
8
Calculate the highest common factor of 21224 and 56.
56
Calculate the highest common divisor of 513 and 27.
27
What is the greatest common factor of 260 and 20?
20
What is the highest common divisor of 99 and 55?
11
Calculate the greatest common factor of 64 and 224.
32
Calculate the highest common divisor of 42 and 3.
3
Calculate the highest common factor of 2025 and 75.
75
Calculate the highest common divisor of 12636 and 39.
39
Calculate the highest common divisor of 216 and 2808.
216
Calculate the greatest common factor of 833 and 6027.
49
What is the greatest common divisor of 48 and 256?
16
Calculate the greatest common divisor of 905 and 543.
181
Calculate the highest common divisor of 164 and 9840.
164
Calculate the greatest common divisor of 816 and 51.
51
Calculate the greatest common factor of 73 and 219.
73
What is the highest common factor of 228 and 216?
12
What is the greatest common factor of 290 and 1798?
58
What is the greatest common factor of 48 and 360?
24
Calculate the greatest common factor of 72 and 90.
18
What is the greatest common factor of 17 and 57239?
17
Calculate the greatest common factor of 5408 and 16.
16
What is the highest common factor of 323 and 136?
17
What is the highest common factor of 1392 and 28?
4
What is the highest common factor of 900 and 720?
180
Calculate the greatest common factor of 3500 and 140.
140
Calculate the greatest common divisor of 175 and 2170.
35
Calculate the greatest common factor of 4725 and 270.
135
What is the greatest common factor of 292 and 44?
4
What is the highest common divisor of 13 and 1157?
13
Calculate the highest common factor of 35 and 145.
5
What is the highest common factor of 195 and 156?
39
What is the greatest common factor of 1010 and 10?
10
Calculate the highest common divisor of 70 and 28.
14
Calculate the highest common factor of 1881 and 2299.
209
What is the highest common factor of 752 and 32?
16
Calculate the highest common divisor of 396 and 64.
4
Calculate the highest common factor of 326 and 9943.
163
What is the highest common divisor of 63 and 9?
9
Calculate the greatest common factor of 32 and 2592.
32
What is the highest common divisor of 3576 and 24?
24
Calculate the greatest common factor of 57 and 285.
57
What is the greatest common factor of 105 and 30?
15
What is the highest common divisor of 132 and 7887?
33
Calculate the highest common factor of 72 and 4572.
36
Calculate the greatest common divisor of 20 and 64.
4
Calculate the highest common factor of 2204 and 608.
76
Calculate the greatest common factor of 2568 and 48.
24
What is the greatest common factor of 4544 and 64?
64
What is the highest common divisor of 36 and 192?
12
Calculate the greatest common factor of 38 and 57.
19
What is the greatest common divisor of 72 and 99?
9
What is the highest common factor of 138 and 11040?
138
Calculate the highest common factor of 572 and 8.
4
What is the greatest common divisor of 24 and 5272?
8
What is the greatest 